- 27. Calculate v(10).
-7
Let d(c) = c**3 - 5*c**2 + 4*c + 7. What is d(5)?
27
Let d(z) = 4*z**2 - 55*z + 11. Give d(14).
25
Let d(i) = i**3 - 8*i + 16. Calculate d(2).
8
Let z(w) = -6*w**2 + 2*w + 1. Calculate z(-1).
-7
Let w(a) = a - 17. Determine w(-5).
-22
Let o(t) = t**3 + 6*t**2 - 2*t + 45. What is o(-7)?
10
Let c(g) = -62*g - 361. Calculate c(-6).
11
Let g(p) = -p**2 + 9. What is g(4)?
-7
Let u(l) = 2*l**2 + 9*l - 34. What is u(3)?
11
Let l(c) = c**3 + c - 7. What is l(0)?
-7
Let b(z) = -z**2 + 28*z - 96. Calculate b(25).
-21
Let q(i) = 2*i - 23. Calculate q(11).
-1
Let b(y) = y**2 - 9*y + 2. Give b(6).
-16
Let v(i) = -66*i + 180. What is v(3)?
-18
Let c(k) = -k**3 - 4*k**2 - 2*k - 3. What is c(-2)?
-7
Let o(b) = b**3 - 41*b**2 + 38*b + 72. What is o(40)?
-8
Let x(q) = -3*q**3 + 3*q**2 + 3*q - 8. Calculate x(2).
-14
Let k(p) = -p**2 - 11*p - 17. Calculate k(-9).
1
Let f(h) = 2*h + 1. Give f(0).
1
Let d(c) = -c**3 - 5*c**2 - 6*c - 3. What is d(-4)?
5
Let g(d) = -d**3 - 15*d**2 + 34*d - 5. What is g(-17)?
-5
Let y(g) = 2*g - 1. Determine y(-7).
-15
Let l(f) = -4*f**2 - 176*f - 4. What is l(-44)?
-4
Let g(m) = 20*m + 3. Give g(-3).
-57
Let p(h) = -h**3 - 2*h**2 - h. What is p(-1)?
0
Let c(w) = w**3 + 16*w**2 + 27*w - 8. What is c(-14)?
6
Let q(n) = n**3 - 3*n + 47. What is q(0)?
47
Let j(x) = -24*x - 66. Calculate j(-3).
6
Let c(r) = -r**3 + 9*r**2 + 9*r - 19. Determine c(10).
-29
Let b(l) = -l**2 + 3*l. Give b(6).
-18
Let i(m) = 7*m - 81. Give i(7).
-32
Let a(b) = -b**3 + 6*b**2 + 40*b - 13. Determine a(10).
-13
Let d(x) = 2*x - 16. What is d(18)?
20
Let y(k) = k**3 + 5*k - 8. Determine y(4).
76
Let v(r) = 2*r**2 + r + 2. Calculate v(-1).
3
Let i(y) = y**3 - 8*y**2 - 8*y + 5. What is i(9)?
14
Let u(l) = 8*l + 43. Determine u(-5).
3
Let g(j) = j**3 + 5*j**2 + 2*j - 3. What is g(-4)?
5
Let k(p) = -17*p - 444. What is k(-26)?
-2
Let k(f) = -f**2 + 9*f + 5. Give k(8).
13
Let x(a) = a**2 - 8*a - 8. Give x(8).
-8
Let f(n) = -n**2 + 8*n + 74. Calculate f(15).
-31
Let g(a) = -a**3 - 10*a**2 - 11*a - 22. What is g(-9)?
-4
Let y(m) = -25*m**2 - m + 1. Calculate y(1).
-25
Let x(h) = h**2 + 12*h - 7. What is x(-6)?
-43
Let p(y) = 2*y + 5. Give p(0).
5
Let r(d) = d**3 + 12*d**2 - 14*d - 7. Determine r(-13).
6
Let x(w) = -8*w - 28. Give x(-4).
4
Let x(p) = p + 2. Determine x(-5).
-3
Let w(z) = z**2 + 20*z - 2. Give w(-20).
-2
Let t(s) = -s**2 - 14*s + 49. Give t(3).
-2
Let o(x) = x**3 + 5*x**2 - 19*x - 1. Give o(-8).
-41
Let b(p) = -21*p**2 - 101*p + 6. Determine b(-5).
-14
Let b(v) = -v**3 - 11*v**2 - 21*v - 2. Give b(-4).
-30
Let y(o) = o**3 + 26*o**2 + 25*o - 7. What is y(-25)?
-7
Let x(a) = -63*a + 18. Determine x(1).
-45
Let k(n) = -n**3 - 5*n**2 + 4*n - 8. Calculate k(-6).
4
Let m(z) = z**2 - 4*z - 1. Give m(-5).
44
Let y(p) = -p**2 + 8*p + 29. Calculate y(-7).
-76
Let p(m) = -2*m**2 + 4*m + 6. Calculate p(4).
-10
Let c(x) = -2*x - 89. Determine c(-42).
-5
Let c(m) = -m**3 - 2*m**2 - 2*m + 6. Calculate c(0).
6
Let l(d) = 86*d + 432. Determine l(-5).
2
Let z(y) = 3*y**2 - 23*y - 8. Calculate z(10).
62
Let n(a) = a**2 - a + 10. Calculate n(0).
10
Let g(i) = -69*i + 5. Determine g(-3).
212
Let d(n) = 5*n - 32. Determine d(8).
8
Let w(g) = g**2 + 1. Give w(-4).
17
Let u(v) = -v**3 - 7*v**2 - 14. Calculate u(-6).
-50
Let o(p) = p + 31. What is o(-29)?
2
Let h(p) = -3*p**2 - 5*p - 1. Calculate h(-2).
-3
Let o(j) = -8*j**2 + 32*j + 11. Calculate o(5).
-29
Let s(g) = 4*g - 77. Calculate s(22).
11
Let o(g) = 6*g + 241. Give o(-40).
1
Let t(c) = -c**2 - 11*c + 27. Give t(-10).
37
Let f(n) = -3*n**3 + 33*n**2 + 4*n - 26. Give f(11).
18
Let f(i) = -i**3 - 3*i**2 - 2*i + 2. Determine f(-4).
26
Let q(z) = -26*z + 94. What is q(3)?
16
Let s(u) = -55*u + 326. Give s(6).
-4
Let z(x) = x**3 + 23*x**2 + 23*x + 14. Calculate z(-22).
-8
Let a(l) = l**3 + 4*l**2 - 3*l + 15. What is a(-5)?
5
Let r(n) = 4*n + 100. Determine r(-24).
4
Let p(r) = -3*r. Give p(3).
-9
Let v(m) = -17*m + 8. What is v(-4)?
76
Let l(r) = 3*r - 3. Determine l(6).
15
Let n(o) = o - 11. Calculate n(18).
7
Let u(x) = x**3 - 4*x**2 - 5*x + 9. Determine u(5).
9
Let n(y) = -2*y**2 + 18*y - 25. What is n(8)?
-9
Let b(f) = f**3 + 3*f**2 + 2. Determine b(-4).
-14
Let j(t) = -t**3 + 7*t**2 + 18*t + 19. Give j(10).
-101
Let g(j) = -11*j + 2. What is g(3)?
-31
Let n(b) = b**2 + 15*b + 10. Calculate n(-12).
-26
Let i(l) = l**3 - 6*l**2 - 4*l - 9. Determine i(7).
12
Let b(f) = f**2 + 27*f + 54. What is b(-25)?
4
Let f(d) = -64*d**2 - 4*d - 1. What is f(1)?
-69
Let y(z) = z**2 + 35*z - 563. Give y(12).
1
Let h(w) = w**3 + 3*w**2 - 9*w - 10. Determine h(-6).
-64
Let u(x) = 30*x**2 - 1. Calculate u(-1).
29
Let u(n) = 3*n - 44. Calculate u(0).
-44
Let o(g) = -g**3 - 20*g**2 - 91*g + 2. Determine o(-13).
2
Let w(d) = 2*d. Give w(2).
4
Let g(t) = t**3 - 13*t**2 + 21*t - 112. Determine g(12).
-4
Let u(l) = -55*l + 657. Determine u(12).
-3
Let g(x) = -x**3 - 9*x**2 + 12*x + 11. Give g(-10).
-9
Let u(i) = -2*i - 38. Determine u(-10).
-18
Let d(c) = -11*c - 9. Calculate d(-5).
46
Let d(v) = v**3 - 6*v**2 - 3*v - 1. Calculate d(6).
-19
Let l(j) = -6*j**2 - 11*j - 5. What is l(-5)?
-100
Let b(p) = -p**2 + 10*p - 9. Determine b(10).
-9
Let n(r) = -7*r**2 + 4*r - 5. Determine n(1).
-8
Let c(u) = u**3 - 7*u**2 - u - 2. Determine c(5).
-57
Let n(f) = -36*f + 2. What is n(1)?
-34
Let g(c) = -c**2 - 4*c - 3. Calculate g(-3).
0
Let k(b) = -b**2 - 8*b - 8. Calculate k(-4).
8
Let l(g) = g**3 - 22*g**2 - 47*g - 47. Give l(24).
-23
Let w(v) = -8*v - 4. Determine w(-2).
12
Let a(w) = 32*w + 6. Give a(-3).
-90
Let z(w) = 3*w + 135. Determine z(-43).
6
Let s(l) = -31*l - 254. Calculate s(-9).
25
Let y(f) = -f + 2. Calculate y(2).
0
Let a(s) = -s. What is a(-6)?
6
Let z(o) = -o**2 + 23*o - 28. Give z(23).
-28
Let n(y) = -y**2 + 17*y - 5. What is n(-4)?
-89
Let d(f) = -20*f + 378. Give d(19).
-2
Let k(n) = -6*n - 12. What is k(1)?
-18
Let r(l) = -3*l**2 + 4*l - 21. Give r(4).
-53
Let y(i) = -i**2 - 6*i + 608. What is y(-28)?
-8
Let g(r) = 11*r. Give g(-3).
-33
Let p(a) = -a**2 - 12*a - 8. Calculate p(-10).
12
Let y(o) = -6*o - 117. Calculate y(-22).
15
Let b(j) = j**2 - 18*j - 13. Determine b(20).
27
Let u(x) = 2*x + 4. Determine u(6).
16
Let g(s) = -17*s + 103. Determine g(6).
1
Let t(p) = -28*p**3 + p**2 - 2*p + 1. What is t(1)?
-28
Let a(b) = 71*b - 1. What is a(1)?
70
Let t(p) = -8*p**2 + p + 2. Give t(-1).
-7
Let l(r) = -9*r**2 - 3*r - 1. Give l(-1).
-7
Let v(c) = c - 2. What is v(-23)?
-25
Let g(u) = u**2 - 9*u + 29. Calculate g(7).
15
Let p(f) = -f + 45. Determine p(36).
9
Let x(q) = 2*q**2 - 16*q + 9. Determine x(9).
27
Let x(v) = 3*v + 86. Give x(-27).
5
Let k(a) = 4*a - 13. Calculate k(5).
7
Let f(t) = -t**3 + 4*t**2 + 5*t - 3. What is f(4)?
17
Let d(v) = -v**2 - 21*v - 3. Give d(-22).
-25
Let d(s) = -2*s + 61. Determine d(-21).
103
Let n(h) = h**2 - 7*h + 1. Determine n(2).
-9
Let t(u) = -98*u + 789. What is t(8)?
5
Let o(f) = f**3 + 5*f**2 - 3*f - 9. Determine o(-4).
19
Let s(l) = 3*l + 35. Calculate s(-26).
-43
Let z(p) = p**3 + 24*p**2 + 41*p - 57. What is z(-22)?
9
Let n(u) = 3*u**3 - 38*u**2 + 22*u + 26. Calculate n(12).
2
Let r(y) = -29*y - 2151. Determine r(-74).
-5
Let r(j) = 5*j - 33. Give r(-17).
-118
Let o(t) = -4*t - 3. What is o(0)?
-3
Let z(i) = -15*i**2 + 1. Give z(1).
-14
Let r(u) = u**3 - 26*u**2 + 60*u - 283. Calculate r(24).
5
Let f(w) = -3*w - 11. Calculate f(0).
-11
Let m(t) = -t - 5. What is m(8)?
-13
Let w(s) = -2*s**2 + 33*s - 39. What is w(15)?
6
Let r(x) = -9*x + 73. Determine r(8).
1
Let y(i) = -i**3 + 9*i**2 - 5. What is y(9)?
-5
Let o(a) = -a**3 - 7*a**2 - 5*a + 6. Give o(-6).
0
Let x(u) = -u**2 + 8. What is x(4)?
-8
Let m(j) = -2*j - 18. Give m(-5).
-8
Let g(a) = -a**3 - 18*a**2 + 19*a - 4. What is g(-19)?
-4
Let r(v) = 2*v**2 - 30*v - 57. What is r(17)?
11
Let c(p) = p**2 + 27*p + 82. Determine c(-22).
-28
Let x(u) = u**2 + 5*u - 10. Determine x(-7).
4
Let h(i) = i**2 - 4*i - 5. What is h(6)?
7
Let g(d) = d**3 - 26*d**2 - 5*d + 127. Give g(26).
-3
Let w(l) = l**2 - 10*l - 13. What is w(12)?
11
Let w(o) = -o**2 + 22*o + 195. Give w(-7).
-8
Let c(a) = a + 7. Give c(5).
12
Let p(b) = -b**3 + 27*b**2 - 50*b + 20. Determine p(25).
20
Let t(u) = 73*u + 423. Calculate t(-6).
-15
Let w(x) = -x**2 